{"id":49,"date":"2026-03-04T10:55:17","date_gmt":"2026-03-04T10:55:17","guid":{"rendered":"https:\/\/serviciosweb.fguerra.cursoceat.es\/?page_id=49"},"modified":"2026-03-10T12:24:15","modified_gmt":"2026-03-10T12:24:15","slug":"noticias","status":"publish","type":"page","link":"https:\/\/serviciosweb.fguerra.cursoceat.es\/index.php\/noticias\/","title":{"rendered":"Noticias"},"content":{"rendered":"\t\t<div data-elementor-type=\"wp-page\" data-elementor-id=\"49\" class=\"elementor elementor-49\" data-elementor-post-type=\"page\">\n\t\t\t\t<div class=\"elementor-element elementor-element-31a4ab6f e-con-full e-flex e-con e-parent\" data-id=\"31a4ab6f\" data-element_type=\"container\" data-e-type=\"container\" data-settings=\"{&quot;background_background&quot;:&quot;classic&quot;}\">\n\t\t\t\t<div class=\"elementor-element elementor-element-69f3cde elementor-widget elementor-widget-heading\" data-id=\"69f3cde\" data-element_type=\"widget\" data-e-type=\"widget\" data-widget_type=\"heading.default\">\n\t\t\t\t\t<h1 class=\"elementor-heading-title elementor-size-default\">NOTICIAS Y EVENTOS<\/h1>\t\t\t\t<\/div>\n\t\t\t\t<\/div>\n\t\t<div class=\"elementor-element elementor-element-dcdcaf9 e-flex e-con-boxed e-con e-parent\" data-id=\"dcdcaf9\" data-element_type=\"container\" data-e-type=\"container\">\n\t\t\t\t\t<div class=\"e-con-inner\">\n\t\t\t\t<div class=\"elementor-element elementor-element-8037d4a elementor-widget elementor-widget-text-editor\" data-id=\"8037d4a\" data-element_type=\"widget\" data-e-type=\"widget\" data-widget_type=\"text-editor.default\">\n\t\t\t\t\t\t\t\t\t<p>Ent\u00e9rate de las \u00faltimas noticias y novedades del mundo del Desarrolo Web<\/p>\t\t\t\t\t\t\t\t<\/div>\n\t\t\t\t\t<\/div>\n\t\t\t\t<\/div>\n\t\t<div class=\"elementor-element elementor-element-4a585c0 e-flex e-con-boxed e-con e-parent\" data-id=\"4a585c0\" data-element_type=\"container\" data-e-type=\"container\">\n\t\t\t\t\t<div class=\"e-con-inner\">\n\t\t\t\t<div class=\"elementor-element elementor-element-0f17c7f elementor-grid-1 elementor-posts--thumbnail-left elementor-grid-tablet-2 elementor-grid-mobile-1 elementor-widget elementor-widget-posts\" data-id=\"0f17c7f\" data-element_type=\"widget\" data-e-type=\"widget\" data-settings=\"{&quot;classic_columns&quot;:&quot;1&quot;,&quot;pagination_type&quot;:&quot;prev_next&quot;,&quot;classic_columns_tablet&quot;:&quot;2&quot;,&quot;classic_columns_mobile&quot;:&quot;1&quot;,&quot;classic_row_gap&quot;:{&quot;unit&quot;:&quot;px&quot;,&quot;size&quot;:35,&quot;sizes&quot;:[]},&quot;classic_row_gap_tablet&quot;:{&quot;unit&quot;:&quot;px&quot;,&quot;size&quot;:&quot;&quot;,&quot;sizes&quot;:[]},&quot;classic_row_gap_mobile&quot;:{&quot;unit&quot;:&quot;px&quot;,&quot;size&quot;:&quot;&quot;,&quot;sizes&quot;:[]}}\" data-widget_type=\"posts.classic\">\n\t\t\t\t<div class=\"elementor-widget-container\">\n\t\t\t\t\t\t\t<div class=\"elementor-posts-container elementor-posts elementor-posts--skin-classic elementor-grid\" role=\"list\">\n\t\t\t\t<article class=\"elementor-post elementor-grid-item post-333 post type-post status-publish format-standard has-post-thumbnail hentry category-uncategorized\" role=\"listitem\">\n\t\t\t\t<a class=\"elementor-post__thumbnail__link\" href=\"https:\/\/serviciosweb.fguerra.cursoceat.es\/index.php\/2026\/03\/09\/navarra-destaca-en-desarrollo-web-mientras-crecen-los-frameworks-web-frente-a-las-tecnologias-nativas\/\" tabindex=\"-1\" >\n\t\t\t<div class=\"elementor-post__thumbnail\"><img fetchpriority=\"high\" decoding=\"async\" width=\"300\" height=\"191\" src=\"https:\/\/serviciosweb.fguerra.cursoceat.es\/wp-content\/uploads\/2026\/03\/69a31be6298b7-300x191.jpeg\" class=\"attachment-medium size-medium wp-image-334\" alt=\"\" srcset=\"https:\/\/serviciosweb.fguerra.cursoceat.es\/wp-content\/uploads\/2026\/03\/69a31be6298b7-300x191.jpeg 300w, https:\/\/serviciosweb.fguerra.cursoceat.es\/wp-content\/uploads\/2026\/03\/69a31be6298b7-1024x653.jpeg 1024w, https:\/\/serviciosweb.fguerra.cursoceat.es\/wp-content\/uploads\/2026\/03\/69a31be6298b7-768x490.jpeg 768w, https:\/\/serviciosweb.fguerra.cursoceat.es\/wp-content\/uploads\/2026\/03\/69a31be6298b7-1536x980.jpeg 1536w, https:\/\/serviciosweb.fguerra.cursoceat.es\/wp-content\/uploads\/2026\/03\/69a31be6298b7.jpeg 1920w\" sizes=\"(max-width: 300px) 100vw, 300px\" \/><\/div>\n\t\t<\/a>\n\t\t\t\t<div class=\"elementor-post__text\">\n\t\t\t\t<h3 class=\"elementor-post__title\">\n\t\t\t<a href=\"https:\/\/serviciosweb.fguerra.cursoceat.es\/index.php\/2026\/03\/09\/navarra-destaca-en-desarrollo-web-mientras-crecen-los-frameworks-web-frente-a-las-tecnologias-nativas\/\" >\n\t\t\t\tNavarra destaca en Desarrollo Web mientras crecen los frameworks web frente a las tecnolog\u00edas nativas\t\t\t<\/a>\n\t\t<\/h3>\n\t\t\t\t<\/div>\n\t\t\t\t<\/article>\n\t\t\t\t<\/div>\n\t\t\n\t\t\t\t\t\t<\/div>\n\t\t\t\t<\/div>\n\t\t\t\t\t<\/div>\n\t\t\t\t<\/div>\n\t\t<div class=\"elementor-element elementor-element-81f41b2 e-flex e-con-boxed e-con e-parent\" data-id=\"81f41b2\" data-element_type=\"container\" data-e-type=\"container\">\n\t\t\t\t\t<div class=\"e-con-inner\">\n\t\t\t\t<div class=\"elementor-element elementor-element-8f50a09 elementor-widget elementor-widget-text-editor\" data-id=\"8f50a09\" data-element_type=\"widget\" data-e-type=\"widget\" data-widget_type=\"text-editor.default\">\n\t\t\t\t\t\t\t\t\t<p>Ent\u00e9rate de los Eventos disponibles\u00a0<\/p>\t\t\t\t\t\t\t\t<\/div>\n\t\t\t\t\t<\/div>\n\t\t\t\t<\/div>\n\t\t<div class=\"elementor-element elementor-element-4b50e8f e-flex e-con-boxed e-con e-parent\" data-id=\"4b50e8f\" data-element_type=\"container\" data-e-type=\"container\">\n\t\t\t\t\t<div class=\"e-con-inner\">\n\t\t\t\t<div class=\"elementor-element elementor-element-d09bddb elementor-grid-1 elementor-posts--thumbnail-left elementor-grid-tablet-2 elementor-grid-mobile-1 elementor-widget elementor-widget-posts\" data-id=\"d09bddb\" data-element_type=\"widget\" data-e-type=\"widget\" data-settings=\"{&quot;classic_columns&quot;:&quot;1&quot;,&quot;pagination_type&quot;:&quot;prev_next&quot;,&quot;classic_columns_tablet&quot;:&quot;2&quot;,&quot;classic_columns_mobile&quot;:&quot;1&quot;,&quot;classic_row_gap&quot;:{&quot;unit&quot;:&quot;px&quot;,&quot;size&quot;:35,&quot;sizes&quot;:[]},&quot;classic_row_gap_tablet&quot;:{&quot;unit&quot;:&quot;px&quot;,&quot;size&quot;:&quot;&quot;,&quot;sizes&quot;:[]},&quot;classic_row_gap_mobile&quot;:{&quot;unit&quot;:&quot;px&quot;,&quot;size&quot;:&quot;&quot;,&quot;sizes&quot;:[]}}\" data-widget_type=\"posts.classic\">\n\t\t\t\t<div class=\"elementor-widget-container\">\n\t\t\t\t\t\t\t<div class=\"elementor-posts-container elementor-posts elementor-posts--skin-classic elementor-grid\" role=\"list\">\n\t\t\t\t<article class=\"elementor-post elementor-grid-item post-352 evento type-evento status-publish has-post-thumbnail hentry\" role=\"listitem\">\n\t\t\t\t<a class=\"elementor-post__thumbnail__link\" href=\"https:\/\/serviciosweb.fguerra.cursoceat.es\/index.php\/evento\/charla-de-experta-en-programacion-de-sound-cloud\/\" tabindex=\"-1\" >\n\t\t\t<div class=\"elementor-post__thumbnail\"><img decoding=\"async\" width=\"300\" height=\"169\" src=\"https:\/\/serviciosweb.fguerra.cursoceat.es\/wp-content\/uploads\/2026\/03\/Vice_City_04-300x169.webp\" class=\"attachment-medium size-medium wp-image-206\" alt=\"\" srcset=\"https:\/\/serviciosweb.fguerra.cursoceat.es\/wp-content\/uploads\/2026\/03\/Vice_City_04-300x169.webp 300w, https:\/\/serviciosweb.fguerra.cursoceat.es\/wp-content\/uploads\/2026\/03\/Vice_City_04-1024x576.webp 1024w, https:\/\/serviciosweb.fguerra.cursoceat.es\/wp-content\/uploads\/2026\/03\/Vice_City_04-768x432.webp 768w, https:\/\/serviciosweb.fguerra.cursoceat.es\/wp-content\/uploads\/2026\/03\/Vice_City_04-1536x864.webp 1536w, https:\/\/serviciosweb.fguerra.cursoceat.es\/wp-content\/uploads\/2026\/03\/Vice_City_04.webp 1920w\" sizes=\"(max-width: 300px) 100vw, 300px\" \/><\/div>\n\t\t<\/a>\n\t\t\t\t<div class=\"elementor-post__text\">\n\t\t\t\t<h3 class=\"elementor-post__title\">\n\t\t\t<a href=\"https:\/\/serviciosweb.fguerra.cursoceat.es\/index.php\/evento\/charla-de-experta-en-programacion-de-sound-cloud\/\" >\n\t\t\t\tCharla de Experta en Programaci\u00f3n de SOUND CLOUD\t\t\t<\/a>\n\t\t<\/h3>\n\t\t\t\t<\/div>\n\t\t\t\t<\/article>\n\t\t\t\t<\/div>\n\t\t\n\t\t\t\t\t\t<\/div>\n\t\t\t\t<\/div>\n\t\t\t\t\t<\/div>\n\t\t\t\t<\/div>\n\t\t\t\t<\/div>\n\t\t","protected":false},"excerpt":{"rendered":"<p>NOTICIAS Y EVENTOS Ent\u00e9rate de las \u00faltimas noticias y novedades del mundo del Desarrolo Web Ent\u00e9rate de los Eventos disponibles\u00a0<\/p>\n","protected":false},"author":1,"featured_media":0,"parent":0,"menu_order":0,"comment_status":"closed","ping_status":"closed","template":"","meta":{"_acf_changed":false,"footnotes":""},"class_list":["post-49","page","type-page","status-publish","hentry"],"acf":[],"_links":{"self":[{"href":"https:\/\/serviciosweb.fguerra.cursoceat.es\/index.php\/wp-json\/wp\/v2\/pages\/49","targetHints":{"allow":["GET"]}}],"collection":[{"href":"https:\/\/serviciosweb.fguerra.cursoceat.es\/index.php\/wp-json\/wp\/v2\/pages"}],"about":[{"href":"https:\/\/serviciosweb.fguerra.cursoceat.es\/index.php\/wp-json\/wp\/v2\/types\/page"}],"author":[{"embeddable":true,"href":"https:\/\/serviciosweb.fguerra.cursoceat.es\/index.php\/wp-json\/wp\/v2\/users\/1"}],"replies":[{"embeddable":true,"href":"https:\/\/serviciosweb.fguerra.cursoceat.es\/index.php\/wp-json\/wp\/v2\/comments?post=49"}],"version-history":[{"count":28,"href":"https:\/\/serviciosweb.fguerra.cursoceat.es\/index.php\/wp-json\/wp\/v2\/pages\/49\/revisions"}],"predecessor-version":[{"id":420,"href":"https:\/\/serviciosweb.fguerra.cursoceat.es\/index.php\/wp-json\/wp\/v2\/pages\/49\/revisions\/420"}],"wp:attachment":[{"href":"https:\/\/serviciosweb.fguerra.cursoceat.es\/index.php\/wp-json\/wp\/v2\/media?parent=49"}],"curies":[{"name":"wp","href":"https:\/\/api.w.org\/{rel}","templated":true}]}}